{"id":61,"date":"2025-12-04T11:29:48","date_gmt":"2025-12-04T11:29:48","guid":{"rendered":"https:\/\/lacuinade.estic.online\/monicacunill\/?page_id=61"},"modified":"2025-12-04T12:20:03","modified_gmt":"2025-12-04T12:20:03","slug":"publicaciones","status":"publish","type":"page","link":"https:\/\/monicacunill.com\/index.php\/publicaciones\/","title":{"rendered":"Publicaciones"},"content":{"rendered":"\t\t<div data-elementor-type=\"wp-page\" data-elementor-id=\"61\" class=\"elementor elementor-61\" data-elementor-post-type=\"page\">\n\t\t\t\t<div class=\"elementor-element elementor-element-860ebb5 e-flex e-con-boxed e-con e-parent\" data-id=\"860ebb5\" data-element_type=\"container\" data-settings=\"{&quot;background_background&quot;:&quot;classic&quot;}\">\n\t\t\t\t\t<div class=\"e-con-inner\">\n\t\t\t\t<div class=\"elementor-element elementor-element-0adbf9f elementor-widget elementor-widget-heading\" data-id=\"0adbf9f\" data-element_type=\"widget\" data-widget_type=\"heading.default\">\n\t\t\t\t\t<h1 class=\"elementor-heading-title elementor-size-default\">Publicaciones<\/h1>\t\t\t\t<\/div>\n\t\t\t\t\t<\/div>\n\t\t\t\t<\/div>\n\t\t<div class=\"elementor-element elementor-element-df5d7d4 e-flex e-con-boxed e-con e-parent\" data-id=\"df5d7d4\" data-element_type=\"container\">\n\t\t\t\t\t<div class=\"e-con-inner\">\n\t\t<div class=\"elementor-element elementor-element-6f9abe2 e-con-full e-flex e-con e-child\" data-id=\"6f9abe2\" data-element_type=\"container\">\n\t\t\t\t<div class=\"elementor-element elementor-element-a126e42 elementor-widget elementor-widget-heading\" data-id=\"a126e42\" data-element_type=\"widget\" data-widget_type=\"heading.default\">\n\t\t\t\t\t<h5 class=\"elementor-heading-title elementor-size-default\">Piblicaciones<\/h5>\t\t\t\t<\/div>\n\t\t\t\t<div class=\"elementor-element elementor-element-d5ee243 elementor-widget elementor-widget-heading\" data-id=\"d5ee243\" data-element_type=\"widget\" data-widget_type=\"heading.default\">\n\t\t\t\t\t<h2 class=\"elementor-heading-title elementor-size-default\">\nLibros y materiales para acompa\u00f1ar la vida, la muerte y el duelo.\n<\/h2>\t\t\t\t<\/div>\n\t\t\t\t<\/div>\n\t\t\t\t<div class=\"elementor-element elementor-element-a5a389a elementor-pagination-type-bullets elementor-arrows-position-inside elementor-pagination-position-outside elementor-widget elementor-widget-n-carousel\" data-id=\"a5a389a\" data-element_type=\"widget\" data-settings=\"{&quot;carousel_items&quot;:[{&quot;slide_title&quot;:&quot;Slide #1&quot;,&quot;_id&quot;:&quot;3fa2538&quot;},{&quot;slide_title&quot;:&quot;Slide #2&quot;,&quot;_id&quot;:&quot;085ffb8&quot;},{&quot;slide_title&quot;:&quot;Slide #3&quot;,&quot;_id&quot;:&quot;bdd9711&quot;},{&quot;_id&quot;:&quot;6d7363f&quot;,&quot;slide_title&quot;:&quot;Slide #4&quot;},{&quot;_id&quot;:&quot;8d63d07&quot;,&quot;slide_title&quot;:&quot;Slide #5&quot;}],&quot;slides_to_show&quot;:&quot;2&quot;,&quot;slides_to_show_tablet&quot;:&quot;2&quot;,&quot;slides_to_show_mobile&quot;:&quot;1&quot;,&quot;autoplay&quot;:&quot;yes&quot;,&quot;autoplay_speed&quot;:5000,&quot;pause_on_hover&quot;:&quot;yes&quot;,&quot;pause_on_interaction&quot;:&quot;yes&quot;,&quot;infinite&quot;:&quot;yes&quot;,&quot;speed&quot;:500,&quot;offset_sides&quot;:&quot;none&quot;,&quot;arrows&quot;:&quot;yes&quot;,&quot;pagination&quot;:&quot;bullets&quot;,&quot;image_spacing_custom&quot;:{&quot;unit&quot;:&quot;px&quot;,&quot;size&quot;:10,&quot;sizes&quot;:[]},&quot;image_spacing_custom_tablet&quot;:{&quot;unit&quot;:&quot;px&quot;,&quot;size&quot;:&quot;&quot;,&quot;sizes&quot;:[]},&quot;image_spacing_custom_mobile&quot;:{&quot;unit&quot;:&quot;px&quot;,&quot;size&quot;:&quot;&quot;,&quot;sizes&quot;:[]}}\" data-widget_type=\"nested-carousel.default\">\n\t\t\t\t\t\t\t<div class=\"e-n-carousel swiper\" role=\"region\" aria-roledescription=\"carousel\" aria-label=\"Carousel\" dir=\"ltr\">\n\t\t\t<div class=\"swiper-wrapper\" aria-live=\"off\">\n\t\t\t\t\t\t\t\t\t\t<div class=\"swiper-slide\" data-slide=\"1\" role=\"group\" aria-roledescription=\"slide\" aria-label=\"1 of 5\">\n\t\t\t\t\t\t\t<div class=\"elementor-element elementor-element-0de868f e-flex e-con-boxed e-con e-child\" data-id=\"0de868f\" data-element_type=\"container\">\n\t\t\t\t\t<div class=\"e-con-inner\">\n\t\t<div class=\"elementor-element elementor-element-3cc0292 e-con-full e-flex e-con e-child\" data-id=\"3cc0292\" data-element_type=\"container\">\n\t\t\t\t<div class=\"elementor-element elementor-element-b44c6f0 elementor-widget elementor-widget-image\" data-id=\"b44c6f0\" data-element_type=\"widget\" data-widget_type=\"image.default\">\n\t\t\t\t\t\t\t\t\t\t\t\t\t\t\t<img fetchpriority=\"high\" decoding=\"async\" width=\"294\" height=\"414\" src=\"https:\/\/monicacunill.com\/wp-content\/uploads\/2025\/12\/RitualesDespedidaConmemoracion.jpg\" class=\"attachment-large size-large wp-image-44\" alt=\"\" srcset=\"https:\/\/monicacunill.com\/wp-content\/uploads\/2025\/12\/RitualesDespedidaConmemoracion.jpg 294w, https:\/\/monicacunill.com\/wp-content\/uploads\/2025\/12\/RitualesDespedidaConmemoracion-213x300.jpg 213w\" sizes=\"(max-width: 294px) 100vw, 294px\" \/>\t\t\t\t\t\t\t\t\t\t\t\t\t\t\t<\/div>\n\t\t\t\t<div class=\"elementor-element elementor-element-4f3a378 elementor-widget elementor-widget-text-editor\" data-id=\"4f3a378\" data-element_type=\"widget\" data-widget_type=\"text-editor.default\">\n\t\t\t\t\t\t\t\t\t<p><b>\u201cRituales de despedida y conmemoraci\u00f3n: la celebraci\u00f3n de una vida: su funci\u00f3n preventiva en el proceso de duelo\u201d (2008).<\/b><\/p>\t\t\t\t\t\t\t\t<\/div>\n\t\t\t\t<div class=\"elementor-element elementor-element-d805d79 elementor-widget elementor-widget-text-editor\" data-id=\"d805d79\" data-element_type=\"widget\" data-widget_type=\"text-editor.default\">\n\t\t\t\t\t\t\t\t\t<p><span style=\"font-weight: 400;\">Este texto aborda con sensibilidad y profundidad el papel que los rituales de despedida y conmemoraci\u00f3n juegan en los procesos de duelo, entendidos no solo como actos simb\u00f3licos sino como intervenciones con una potente funci\u00f3n preventiva en el \u00e1mbito psicoemocional.<\/span><\/p><p><span style=\"font-weight: 400;\">Se propone una mirada que reivindica la <\/span><b>celebraci\u00f3n de la vida del ser querido fallecido<\/b><span style=\"font-weight: 400;\"> como una herramienta activa para transitar el duelo de manera saludable. En lugar de centrarse exclusivamente en la p\u00e9rdida, el foco se desplaza hacia el reconocimiento del v\u00ednculo vivido y su integraci\u00f3n en la memoria afectiva de quienes permanecen.<\/span><\/p><p><span style=\"font-weight: 400;\">Uno de los aportes clave del texto es su enfoque <\/span><b>preventivo<\/b><span style=\"font-weight: 400;\">, que sostiene que los rituales \u2013desde los funerales hasta los actos conmemorativos m\u00e1s \u00edntimos o comunitarios\u2013 permiten contener el impacto emocional, ofrecer sentido, y favorecer una elaboraci\u00f3n simb\u00f3lica que ayuda a evitar complicaciones en el duelo.<\/span><\/p><p><span style=\"font-weight: 400;\">Desde una mirada posiblemente cercana a la psicolog\u00eda humanista o psicoespiritual, se invita a profesionales del acompa\u00f1amiento, as\u00ed como a familias, a recuperar y resignificar los rituales como espacios terap\u00e9uticos, de expresi\u00f3n, de comunidad y de continuidad del v\u00ednculo.<\/span><\/p>\t\t\t\t\t\t\t\t<\/div>\n\t\t\t\t<\/div>\n\t\t\t\t\t<\/div>\n\t\t\t\t<\/div>\n\t\t\t\t\t\t\t\t<\/div>\n\t\t\t\t\t\t\t\t\t\t\t<div class=\"swiper-slide\" data-slide=\"2\" role=\"group\" aria-roledescription=\"slide\" aria-label=\"2 of 5\">\n\t\t\t\t\t\t\t<div class=\"elementor-element elementor-element-782beb0 e-flex e-con-boxed e-con e-child\" data-id=\"782beb0\" data-element_type=\"container\">\n\t\t\t\t\t<div class=\"e-con-inner\">\n\t\t<div class=\"elementor-element elementor-element-1904065 e-con-full e-flex e-con e-child\" data-id=\"1904065\" data-element_type=\"container\">\n\t\t\t\t<div class=\"elementor-element elementor-element-32e6a0a elementor-widget elementor-widget-image\" data-id=\"32e6a0a\" data-element_type=\"widget\" data-widget_type=\"image.default\">\n\t\t\t\t\t\t\t\t\t\t\t\t\t\t\t<img decoding=\"async\" width=\"334\" height=\"522\" src=\"https:\/\/monicacunill.com\/wp-content\/uploads\/2025\/12\/61ri5BYWkfL._SY522_.jpg\" class=\"attachment-large size-large wp-image-45\" alt=\"\" srcset=\"https:\/\/monicacunill.com\/wp-content\/uploads\/2025\/12\/61ri5BYWkfL._SY522_.jpg 334w, https:\/\/monicacunill.com\/wp-content\/uploads\/2025\/12\/61ri5BYWkfL._SY522_-192x300.jpg 192w\" sizes=\"(max-width: 334px) 100vw, 334px\" \/>\t\t\t\t\t\t\t\t\t\t\t\t\t\t\t<\/div>\n\t\t\t\t<div class=\"elementor-element elementor-element-7e415aa elementor-widget elementor-widget-text-editor\" data-id=\"7e415aa\" data-element_type=\"widget\" data-widget_type=\"text-editor.default\">\n\t\t\t\t\t\t\t\t\t<p><b>\u201cNadie me entiende\u201d (2013)<\/b><\/p>\t\t\t\t\t\t\t\t<\/div>\n\t\t\t\t<div class=\"elementor-element elementor-element-2c74ad7 elementor-widget elementor-widget-text-editor\" data-id=\"2c74ad7\" data-element_type=\"widget\" data-widget_type=\"text-editor.default\">\n\t\t\t\t\t\t\t\t\t<p><span style=\"font-weight: 400;\">Este libro narra el proceso de duelo de una madre que pierde a su hijo en un accidente, y c\u00f3mo ese dolor se convierte en una v\u00eda de transformaci\u00f3n personal y espiritual. A trav\u00e9s de una narrativa \u00edntima y emocional, se abordan los impactos del duelo en el entorno familiar, las dificultades sociales para expresarlo y la necesidad de espacios aut\u00e9nticos para transitarlo.<\/span><\/p><p><span style=\"font-weight: 400;\">M\u00e1s que una historia, es tambi\u00e9n una gu\u00eda vivencial, con reflexiones y propuestas pr\u00e1cticas que acompa\u00f1an el proceso de p\u00e9rdida. La obra ofrece una mirada compasiva y esperanzadora sobre el duelo, entendiendo que atravesarlo con conciencia puede dar lugar a una nueva comprensi\u00f3n del amor, la vida y la muerte.<\/span><\/p><p><span style=\"font-weight: 400;\">Ideal para personas que est\u00e1n atravesando un duelo o que desean comprenderlo desde una perspectiva m\u00e1s humana y transformadora.<\/span><\/p>\t\t\t\t\t\t\t\t<\/div>\n\t\t\t\t<\/div>\n\t\t\t\t\t<\/div>\n\t\t\t\t<\/div>\n\t\t\t\t\t\t\t\t<\/div>\n\t\t\t\t\t\t\t\t\t\t\t<div class=\"swiper-slide\" data-slide=\"3\" role=\"group\" aria-roledescription=\"slide\" aria-label=\"3 of 5\">\n\t\t\t\t\t\t\t<div class=\"elementor-element elementor-element-b3f433f e-flex e-con-boxed e-con e-child\" data-id=\"b3f433f\" data-element_type=\"container\">\n\t\t\t\t\t<div class=\"e-con-inner\">\n\t\t<div class=\"elementor-element elementor-element-5941272 e-con-full e-flex e-con e-child\" data-id=\"5941272\" data-element_type=\"container\">\n\t\t\t\t<div class=\"elementor-element elementor-element-ba2224a elementor-widget elementor-widget-image\" data-id=\"ba2224a\" data-element_type=\"widget\" data-widget_type=\"image.default\">\n\t\t\t\t\t\t\t\t\t\t\t\t\t\t\t<img decoding=\"async\" width=\"750\" height=\"1000\" src=\"https:\/\/monicacunill.com\/wp-content\/uploads\/2025\/12\/71102myaeL._AC_UF10001000_QL80_.jpg\" class=\"attachment-large size-large wp-image-46\" alt=\"\" srcset=\"https:\/\/monicacunill.com\/wp-content\/uploads\/2025\/12\/71102myaeL._AC_UF10001000_QL80_.jpg 750w, https:\/\/monicacunill.com\/wp-content\/uploads\/2025\/12\/71102myaeL._AC_UF10001000_QL80_-225x300.jpg 225w\" sizes=\"(max-width: 750px) 100vw, 750px\" \/>\t\t\t\t\t\t\t\t\t\t\t\t\t\t\t<\/div>\n\t\t\t\t<div class=\"elementor-element elementor-element-84189ec elementor-widget elementor-widget-text-editor\" data-id=\"84189ec\" data-element_type=\"widget\" data-widget_type=\"text-editor.default\">\n\t\t\t\t\t\t\t\t\t<p><b>&#8220;Sempre estarem junts&#8221; (2024)<\/b><\/p>\t\t\t\t\t\t\t\t<\/div>\n\t\t\t\t<div class=\"elementor-element elementor-element-65b5e8b elementor-widget elementor-widget-text-editor\" data-id=\"65b5e8b\" data-element_type=\"widget\" data-widget_type=\"text-editor.default\">\n\t\t\t\t\t\t\t\t\t<p><span style=\"font-weight: 400;\">Cuaderno de duelo ilustrado para ni\u00f1os y familias. Dise\u00f1ado como recurso terap\u00e9utico, incorpora ejercicios de expresi\u00f3n emocional, memoria simb\u00f3lica y acompa\u00f1amiento espiritual.\u00a0<\/span><\/p>\t\t\t\t\t\t\t\t<\/div>\n\t\t\t\t<\/div>\n\t\t\t\t\t<\/div>\n\t\t\t\t<\/div>\n\t\t\t\t\t\t\t\t<\/div>\n\t\t\t\t\t\t\t\t\t\t\t<div class=\"swiper-slide\" data-slide=\"4\" role=\"group\" aria-roledescription=\"slide\" aria-label=\"4 of 5\">\n\t\t\t\t\t\t\t<div class=\"elementor-element elementor-element-fb680b8 e-flex e-con-boxed e-con e-child\" data-id=\"fb680b8\" data-element_type=\"container\">\n\t\t\t\t\t<div class=\"e-con-inner\">\n\t\t<div class=\"elementor-element elementor-element-fd1cd90 e-con-full e-flex e-con e-child\" data-id=\"fd1cd90\" data-element_type=\"container\">\n\t\t\t\t<div class=\"elementor-element elementor-element-b64fb56 elementor-widget elementor-widget-image\" data-id=\"b64fb56\" data-element_type=\"widget\" data-widget_type=\"image.default\">\n\t\t\t\t\t\t\t\t\t\t\t\t\t\t\t<img loading=\"lazy\" decoding=\"async\" width=\"800\" height=\"1000\" src=\"https:\/\/monicacunill.com\/wp-content\/uploads\/2025\/12\/ahmed-zayan-n_YWKiIBnp4-unsplash-819x1024.jpg\" class=\"attachment-large size-large wp-image-47\" alt=\"\" srcset=\"https:\/\/monicacunill.com\/wp-content\/uploads\/2025\/12\/ahmed-zayan-n_YWKiIBnp4-unsplash-819x1024.jpg 819w, https:\/\/monicacunill.com\/wp-content\/uploads\/2025\/12\/ahmed-zayan-n_YWKiIBnp4-unsplash-240x300.jpg 240w, https:\/\/monicacunill.com\/wp-content\/uploads\/2025\/12\/ahmed-zayan-n_YWKiIBnp4-unsplash-768x960.jpg 768w, https:\/\/monicacunill.com\/wp-content\/uploads\/2025\/12\/ahmed-zayan-n_YWKiIBnp4-unsplash-1229x1536.jpg 1229w, https:\/\/monicacunill.com\/wp-content\/uploads\/2025\/12\/ahmed-zayan-n_YWKiIBnp4-unsplash-1638x2048.jpg 1638w, https:\/\/monicacunill.com\/wp-content\/uploads\/2025\/12\/ahmed-zayan-n_YWKiIBnp4-unsplash-scaled.jpg 2048w\" sizes=\"(max-width: 800px) 100vw, 800px\" \/>\t\t\t\t\t\t\t\t\t\t\t\t\t\t\t<\/div>\n\t\t\t\t<div class=\"elementor-element elementor-element-68ae104 elementor-widget elementor-widget-text-editor\" data-id=\"68ae104\" data-element_type=\"widget\" data-widget_type=\"text-editor.default\">\n\t\t\t\t\t\t\t\t\t<p><b>&#8220;La br\u00fajula del duelo&#8221; (2024)<\/b><\/p>\t\t\t\t\t\t\t\t<\/div>\n\t\t\t\t<div class=\"elementor-element elementor-element-357748c elementor-widget elementor-widget-text-editor\" data-id=\"357748c\" data-element_type=\"widget\" data-widget_type=\"text-editor.default\">\n\t\t\t\t\t\t\t\t\t<p><span style=\"font-weight: 400;\">Herramienta vivencial para el trabajo interior durante el proceso de duelo. Cada carta integra palabras clave, im\u00e1genes simb\u00f3licas y reflexiones para guiar a la persona desde el dolor hacia la transformaci\u00f3n.<\/span><\/p>\t\t\t\t\t\t\t\t<\/div>\n\t\t\t\t<\/div>\n\t\t\t\t\t<\/div>\n\t\t\t\t<\/div>\n\t\t\t\t\t\t\t\t<\/div>\n\t\t\t\t\t\t\t\t\t\t\t<div class=\"swiper-slide\" data-slide=\"5\" role=\"group\" aria-roledescription=\"slide\" aria-label=\"5 of 5\">\n\t\t\t\t\t\t\t<div class=\"elementor-element elementor-element-f247a65 e-flex e-con-boxed e-con e-child\" data-id=\"f247a65\" data-element_type=\"container\">\n\t\t\t\t\t<div class=\"e-con-inner\">\n\t\t<div class=\"elementor-element elementor-element-56e3ef9 e-con-full e-flex e-con e-child\" data-id=\"56e3ef9\" data-element_type=\"container\">\n\t\t\t\t<div class=\"elementor-element elementor-element-950fe7d elementor-widget elementor-widget-text-editor\" data-id=\"950fe7d\" data-element_type=\"widget\" data-widget_type=\"text-editor.default\">\n\t\t\t\t\t\t\t\t\t<p><b>Materiales internos de formaci\u00f3n en acompa\u00f1amiento psicoespiritual<\/b><\/p>\t\t\t\t\t\t\t\t<\/div>\n\t\t\t\t<div class=\"elementor-element elementor-element-2a6c65f elementor-widget elementor-widget-text-editor\" data-id=\"2a6c65f\" data-element_type=\"widget\" data-widget_type=\"text-editor.default\">\n\t\t\t\t\t\t\t\t\t<p><span style=\"font-weight: 400;\">Actualmente en revisi\u00f3n para publicaci\u00f3n, estos contenidos forman parte de mi experiencia como directora de programas en la Fundaci\u00f3 UdG, con \u00e9nfasis en el enfoque integral del ser humano y el cuidado de la dimensi\u00f3n trascendente.<\/span><\/p>\t\t\t\t\t\t\t\t<\/div>\n\t\t\t\t<\/div>\n\t\t\t\t\t<\/div>\n\t\t\t\t<\/div>\n\t\t\t\t\t\t\t\t<\/div>\n\t\t\t\t\t\t\t\t<\/div>\n\t\t<\/div>\n\t\t\t\t\t<div class=\"elementor-swiper-button elementor-swiper-button-prev\" role=\"button\" tabindex=\"0\" aria-label=\"Previous\">\n\t\t\t\t<svg aria-hidden=\"true\" class=\"e-font-icon-svg e-eicon-chevron-left\" viewBox=\"0 0 1000 1000\" xmlns=\"http:\/\/www.w3.org\/2000\/svg\"><path d=\"M646 125C629 125 613 133 604 142L308 442C296 454 292 471 292 487 292 504 296 521 308 533L604 854C617 867 629 875 646 875 663 875 679 871 692 858 704 846 713 829 713 812 713 796 708 779 692 767L438 487 692 225C700 217 708 204 708 187 708 171 704 154 692 142 675 129 663 125 646 125Z\"><\/path><\/svg>\t\t\t<\/div>\n\t\t\t<div class=\"elementor-swiper-button elementor-swiper-button-next\" role=\"button\" tabindex=\"0\" aria-label=\"Next\">\n\t\t\t\t<svg aria-hidden=\"true\" class=\"e-font-icon-svg e-eicon-chevron-right\" viewBox=\"0 0 1000 1000\" xmlns=\"http:\/\/www.w3.org\/2000\/svg\"><path d=\"M696 533C708 521 713 504 713 487 713 471 708 454 696 446L400 146C388 133 375 125 354 125 338 125 325 129 313 142 300 154 292 171 292 187 292 204 296 221 308 233L563 492 304 771C292 783 288 800 288 817 288 833 296 850 308 863 321 871 338 875 354 875 371 875 388 867 400 854L696 533Z\"><\/path><\/svg>\t\t\t<\/div>\n\t\t\t\t\t<div class=\"swiper-pagination\"><\/div>\n\t\t\t\t\t\t<\/div>\n\t\t\t\t\t<\/div>\n\t\t\t\t<\/div>\n\t\t<div class=\"elementor-element elementor-element-0f56baa e-flex e-con-boxed e-con e-parent\" data-id=\"0f56baa\" data-element_type=\"container\">\n\t\t\t\t\t<div class=\"e-con-inner\">\n\t\t<div class=\"elementor-element elementor-element-3a47f9d e-con-full e-flex e-con e-child\" data-id=\"3a47f9d\" data-element_type=\"container\">\n\t\t\t\t<div class=\"elementor-element elementor-element-37976eb elementor-widget elementor-widget-heading\" data-id=\"37976eb\" data-element_type=\"widget\" data-widget_type=\"heading.default\">\n\t\t\t\t\t<h5 class=\"elementor-heading-title elementor-size-default\">Piblicaciones cient\u00edficas<\/h5>\t\t\t\t<\/div>\n\t\t\t\t<div class=\"elementor-element elementor-element-3a05f86 elementor-widget elementor-widget-heading\" data-id=\"3a05f86\" data-element_type=\"widget\" data-widget_type=\"heading.default\">\n\t\t\t\t\t<h2 class=\"elementor-heading-title elementor-size-default\">\nArt\u00edculos Cient\u00edficos sobre p\u00e9rdida y duelo\n<\/h2>\t\t\t\t<\/div>\n\t\t\t\t<div class=\"elementor-element elementor-element-a0f9f0b elementor-widget elementor-widget-text-editor\" data-id=\"a0f9f0b\" data-element_type=\"widget\" data-widget_type=\"text-editor.default\">\n\t\t\t\t\t\t\t\t\t<p><span style=\"font-weight: 400;\">Serd\u00e0, B; Tallero, J; Aymerich, M y Cunill M. (2025).\u00a0 Grief profiles after the death of a child: A cross-sectional study. En revision.<\/span><\/p><p><span style=\"font-weight: 400;\">Serd\u00e0, B; Aymerich, M; Pati\u00f1o, F y Cunill, M . (2021). Mental Health Screening of Healthcare Professionals Who Are Candidates for Psychological Assistance during the COVID-19 Pandemic. Int J Environ Res Public Health. 18 (21), 11167.<\/span><\/p><p><span style=\"font-weight: 400;\">Cunill, M; Aymerich, M; Serd\u00e0, B I Pati\u00f1o, J. (2020). <\/span><span style=\"font-weight: 400;\">The Impact of COVID-19 on Spanish Health Professionals: A Description of Physical and Psychological Effects. International Journal Of Mental Health Promotion \u2013 22(3), 185-198.<\/span><\/p><p><span style=\"font-weight: 400;\">Cunill Olivas, M., Serd\u00e0 Ferrer, B.-C., Royo-Isach, J., &amp; Aymerich Andreu, M. (2017). Modelo IDA para la intervenci\u00f3n en duelo infantil. Psicosom\u00e1tica y Psiquiatr\u00eda, (1), 6\u201314.\u00a0\u00a0<\/span><\/p><p><span style=\"font-weight: 400;\">Cunill Olivas, M y Serd\u00e0 Ferrer, B.-C. (2011). Caracter\u00edsticas de la comunicaci\u00f3n con enfermos de c\u00e1ncer en el contexto sanitario y familiar. Psicooncolog\u00eda, 8(1), 65\u201379.\u00a0\u00a0<\/span><\/p><p><span style=\"font-weight: 400;\">Cunill Olivas, M. (2008). Atenci\u00f3n psicol\u00f3gica en los procesos de duelo. Revista Funeraria, 17(81), 48\u201350.\u00a0\u00a0<\/span><\/p>\t\t\t\t\t\t\t\t<\/div>\n\t\t\t\t<\/div>\n\t\t\t\t\t<\/div>\n\t\t\t\t<\/div>\n\t\t\t\t<\/div>\n\t\t","protected":false},"excerpt":{"rendered":"<p>Piblicaciones Libros y materiales para acompa\u00f1ar la vida, la muerte y el duelo. \u201cRituales de despedida y conmemoraci\u00f3n: la celebraci\u00f3n de una vida: su funci\u00f3n preventiva en el proceso de duelo\u201d (2008). Este texto aborda con sensibilidad y profundidad el papel que los rituales de despedida y conmemoraci\u00f3n juegan en los procesos de duelo, entendidos [&hellip;]<\/p>\n","protected":false},"author":1,"featured_media":0,"parent":0,"menu_order":0,"comment_status":"closed","ping_status":"closed","template":"","meta":{"_acf_changed":false,"footnotes":""},"class_list":["post-61","page","type-page","status-publish","hentry"],"acf":[],"_links":{"self":[{"href":"https:\/\/monicacunill.com\/index.php\/wp-json\/wp\/v2\/pages\/61","targetHints":{"allow":["GET"]}}],"collection":[{"href":"https:\/\/monicacunill.com\/index.php\/wp-json\/wp\/v2\/pages"}],"about":[{"href":"https:\/\/monicacunill.com\/index.php\/wp-json\/wp\/v2\/types\/page"}],"author":[{"embeddable":true,"href":"https:\/\/monicacunill.com\/index.php\/wp-json\/wp\/v2\/users\/1"}],"replies":[{"embeddable":true,"href":"https:\/\/monicacunill.com\/index.php\/wp-json\/wp\/v2\/comments?post=61"}],"version-history":[{"count":13,"href":"https:\/\/monicacunill.com\/index.php\/wp-json\/wp\/v2\/pages\/61\/revisions"}],"predecessor-version":[{"id":133,"href":"https:\/\/monicacunill.com\/index.php\/wp-json\/wp\/v2\/pages\/61\/revisions\/133"}],"wp:attachment":[{"href":"https:\/\/monicacunill.com\/index.php\/wp-json\/wp\/v2\/media?parent=61"}],"curies":[{"name":"wp","href":"https:\/\/api.w.org\/{rel}","templated":true}]}}